 the greatest common divisor of 6426 and 267414?
42
Calculate the greatest common factor of 525 and 297525.
75
What is the greatest common divisor of 4985416 and 3020?
604
Calculate the greatest common divisor of 2832 and 6620154.
354
What is the highest common factor of 23184098 and 630?
14
Calculate the greatest common factor of 12580 and 3611820.
340
What is the greatest common divisor of 177642 and 19182?
834
What is the highest common factor of 62634 and 389246?
286
What is the highest common divisor of 133 and 6856843?
7
Calculate the highest common factor of 1159 and 2394019.
19
What is the greatest common factor of 16501977 and 19422?
747
Calculate the greatest common factor of 88 and 1738792.
88
Calculate the greatest common divisor of 2672 and 48016.
16
What is the highest common factor of 31223063 and 7619?
401
What is the greatest common factor of 1680 and 157092880?
560
What is the greatest common divisor of 71116 and 9016?
92
Calculate the greatest common factor of 42 and 2377779.
3
Calculate the greatest common divisor of 256630 and 1070.
10
What is the highest common divisor of 17107125 and 365295?
5145
Calculate the highest common factor of 381550 and 911950.
650
What is the highest common factor of 63749992 and 8?
8
Calculate the highest common divisor of 707212 and 30140.
44
Calculate the greatest common factor of 29377062 and 404.
202
Calculate the greatest common divisor of 370781 and 8.
1
Calculate the highest common divisor of 3309233 and 82.
41
What is the greatest common factor of 51842 and 3478175?
529
Calculate the highest common factor of 27098 and 25068838.
1594
What is the highest common divisor of 2746 and 207258469?
1373
What is the greatest common factor of 12131 and 161603983?
1733
What is the highest common factor of 2003 and 12168225?
2003
What is the greatest common factor of 3241355 and 705?
235
What is the greatest common factor of 3787738 and 91299?
2341
What is the greatest common divisor of 245 and 22669465?
35
Calculate the greatest common factor of 96009823 and 1729.
91
Calculate the highest common divisor of 4438 and 77070.
14
Calculate the highest common factor of 6757119 and 63.
9
Calculate the highest common factor of 5989 and 5311.
113
Calculate the highest common divisor of 273186 and 2376.
54
Calculate the greatest common factor of 409295627 and 2756.
689
What is the highest common divisor of 4449405 and 1215?
15
What is the highest common divisor of 5396 and 991515?
1349
What is the greatest common divisor of 84992 and 640096?
2656
What is the highest common factor of 13359021 and 10335?
2067
What is the greatest common divisor of 2977510 and 60040?
790
What is the greatest common divisor of 9497486 and 82?
82
What is the highest common divisor of 198036 and 10434?
6
Calculate the highest common factor of 16454 and 480434.
38
Calculate the highest common factor of 96 and 10715896.
8
What is the highest common divisor of 283585324 and 11?
11
What is the highest common divisor of 10 and 1155272?
2
What is the highest common divisor of 123236564 and 1212?
404
Calculate the highest common factor of 27771736 and 580403.
10951
What is the highest common factor of 225 and 25587?
9
What is the greatest common factor of 3301328 and 254288?
368
Calculate the highest common divisor of 71502143 and 127.
127
What is the greatest common divisor of 1952 and 9321532?
244
What is the highest common divisor of 30 and 28383?
3
Calculate the highest common divisor of 100 and 443715050.
50
What is the highest common factor of 1909700 and 3096200?
11300
What is the highest common divisor of 11163 and 4107801?
183
Calculate the highest common factor of 3496 and 33073034.
874
Calculate the highest common divisor of 2650 and 1775606.
106
What is the greatest common factor of 2178 and 136870602?
726
Calculate the greatest common divisor of 2600012 and 4012.
236
What is the greatest common divisor of 3205 and 1661835?
5
Calculate the greatest common divisor of 256 and 1545068.
4
Calculate the greatest common divisor of 485146 and 217379.
323
Calculate the greatest common divisor of 55 and 11407940.
5
Calculate the greatest common factor of 280 and 32912720.
40
What is the highest common divisor of 5949400 and 394?
394
Calculate the highest common factor of 21355625 and 2350.
1175
What is the highest common divisor of 30055655 and 2590?
1295
What is the greatest common factor of 325 and 34619?
13
What is the greatest common factor of 2040803921 and 52?
13
What is the greatest common factor of 46992 and 8774040?
264
What is the greatest common divisor of 6572 and 41492322?
3286
What is the greatest common divisor of 3956244 and 300?
12
What is the greatest common factor of 43344 and 66665007?
387
What is the greatest common factor of 5757 and 201609?
57
Calculate the highest common factor of 4550002 and 3438.
382
What is the greatest common factor of 11431244 and 33?
11
Calculate the highest common factor of 54880 and 189280.
1120
What is the greatest common factor of 5220 and 768960?
180
What is the highest common divisor of 354 and 957513714?
354
Calculate the greatest common divisor of 41343237 and 13.
13
What is the highest common divisor of 2820 and 3811020?
60
What is the highest common divisor of 113251 and 2507?
109
What is the greatest common divisor of 544896 and 17856?
576
Calculate the greatest common divisor of 998998 and 25168.
286
Calculate the highest common factor of 1820 and 42756.
28
Calculate the highest common factor of 10 and 41845170.
10
What is the highest common divisor of 5 and 18427462?
1
What is the greatest common divisor of 68440623 and 79?
79
What is the greatest common factor of 66750 and 1367250?
750
What is the greatest common factor of 841511 and 3729?
1243
Calculate the highest common divisor of 5131776 and 1542.
1542
Calculate the highest common factor of 128 and 192468512.
32
Calculate the highest common divisor of 4566 and 1234308.
6
Calculate the highest common factor of 92 and 9018369.
23
What is the greatest common factor of 421864848 and 2592?
1296
What is the highest common factor of 3160185624 and 2397?
2397
Calculate the greatest common factor of 251504 and 5896.
88
Calculate the greatest common factor of 12780152 and 1232.
616
Calculate the highest common divisor of 2550 and 15723600.
150
What is the highest common divisor of 363 and 2261369?
121
What is the greatest common factor of 44859 and 12321?
3
What is the greatest common factor of 91 and 60091577?
91
What is the greatest common factor of 32257 and 198?
1
What is the greatest common factor of 107316 and 109428?
132
Calculate the greatest common factor of 9188382 and 77322.
294
Calculate the highest common factor of 41187024 and 6245.
1249
What is the greatest common divisor of 119028 and 67548?
156
What is the greatest common divisor of 248193 and 333?
9
Calculate the highest common factor of 342065 and 92500.
185
Calculate the highest common divisor of 86816 and 592.
16
What is the highest common divisor of 14467 and 753802?
23
Calculate the highest common divisor of 4910733 and 1195.
239
What is the highest common divisor of 34263 and 21949?
47
What is the greatest common factor of 542495232 and 324?
324
What is the greatest common factor of 2488 and 138904?
8
What is the highest common divisor of 897 and 81337269?
897
What is the highest common factor of 16721 and 626497?
23
Calculate the greatest common factor of 1028 and 53361424.
1028
Calculate the greatest common divisor of 5451 and 2038766.
23
Calculate the greatest common divisor of 10432 and 1571972.
652
Calculate the highest common factor of 1883 and 1163274091.
1883
What is the highest common factor of 72752 and 2016?
16
What is the highest common factor of 244644 and 227476?
4292
What is the greatest common divisor of 13305 and 213420?
15
Calculate the highest common factor of 31591482 and 20162.
1186
What is the highest common divisor of 49544 and 145?
1
What is the greatest common factor of 328512967 and 839?
839
What is the greatest common factor of 67177550 and 1760?
110
Calculate the greatest common divisor of 271 and 127077049.
271
Calculate the highest common factor of 7603278 and 555.
111
Calculate the greatest common divisor of 1116 and 202